 2) in base 10?
-749
Convert 65572 (base 8) to base 11.
19743
-5a2c (base 14) to base 2
-11110101101000
Convert -14422 (base 5) to base 8.
-2325
What is -3f63 (base 16) in base 10?
-16227
-850 (base 12) to base 15
-55c
Convert 582 (base 9) to base 12.
33b
56 (base 16) to base 4
1112
What is 1b82 (base 12) in base 16?
d52
Convert -662 (base 14) to base 6.
-5502
13200 (base 4) to base 10
480
-21020122 (base 3) to base 6
-40242
What is -1aa (base 15) in base 10?
-385
What is 15402 (base 14) in base 10?
52922
What is -73b (base 13) in base 8?
-2321
Convert -22b3 (base 16) to base 11.
-6746
Convert -10636 (base 7) to base 8.
-5242
2042 (base 7) to base 13
431
What is 145 (base 8) in base 2?
1100101
-52 (base 10) to base 14
-3a
-47b (base 12) to base 7
-1646
Convert -100001001 (base 2) to base 6.
-1121
-73e4 (base 16) to base 2
-111001111100100
2270 (base 10) to base 11
1784
-332 (base 4) to base 12
-52
What is 1110202 (base 3) in base 15?
4b8
Convert -234146 (base 7) to base 12.
-20568
-74740 (base 9) to base 3
-2111211100
Convert 23323 (base 4) to base 9.
1037
-1b9 (base 15) to base 5
-3044
What is 10001001000100 (base 2) in base 5?
240042
Convert -16052 (base 7) to base 3.
-20011112
What is -3c3 (base 15) in base 5?
-11413
10202 (base 3) to base 4
1211
Convert -277 (base 9) to base 4.
-3220
What is 1a084 (base 14) in base 9?
110442
What is -17d4 (base 16) in base 13?
-2a13
Convert 7b8 (base 15) to base 5.
23443
What is 530 (base 6) in base 10?
198
What is -2630 (base 10) in base 9?
-3542
-36a (base 12) to base 14
-28a
Convert -1b6d (base 16) to base 11.
-5303
-badb (base 14) to base 4
-13321101
-1946 (base 12) to base 3
-11020000
Convert -231332 (base 4) to base 11.
-2235
Convert 605 (base 12) to base 13.
51b
What is -31312 (base 4) in base 7?
-2404
Convert -31123 (base 5) to base 10.
-2038
What is -1393 (base 10) in base 6?
-10241
What is -3401 (base 5) in base 2?
-111011100
What is 29d8 (base 15) in base 7?
35114
Convert 3344 (base 5) to base 14.
25c
-37c4 (base 15) to base 14
-448c
What is -22405 (base 10) in base 15?
-698a
-476a (base 14) to base 5
-344232
1346 (base 7) to base 8
1014
What is -221111 (base 3) in base 2?
-1010110000
Convert 111110011111 (base 2) to base 7.
14442
Convert 130223 (base 4) to base 12.
108b
-18069 (base 12) to base 11
-24032
What is -75 (base 15) in base 16?
-6e
What is -4395 (base 12) in base 5?
-214312
-161a2 (base 12) to base 2
-111101010001010
Convert -11010100 (base 3) to base 12.
-18a6
Convert -46c (base 13) to base 10.
-766
-28d (base 14) to base 9
-634
What is -1300242 (base 5) in base 2?
-110000111110000
What is -11313112 (base 4) in base 15?
-71b7
What is -71 (base 14) in base 10?
-99
Convert 2013201 (base 4) to base 13.
3c42
-556 (base 8) to base 6
-1410
Convert 123 (base 16) to base 2.
100100011
Convert -10a (base 13) to base 3.
-20122
5465 (base 8) to base 15
cb4
Convert -1d1 (base 16) to base 4.
-13101
What is 213323 (base 4) in base 3?
10111122
What is 222010010 (base 3) in base 12?
b026
1f6 (base 16) to base 7
1315
-6212 (base 9) to base 14
-192b
2547 (base 14) to base 12
3943
Convert 112211 (base 3) to base 13.
24a
Convert -3429 (base 12) to base 2.
-1011010100001
2cea (base 15) to base 16
25c6
What is -5246 (base 7) in base 13?
-ac1
Convert 0 (base 6) to base 16.
0
What is 4405 (base 10) in base 16?
1135
What is 22222 (base 5) in base 14?
7d8
What is 4072 (base 10) in base 4?
333220
2542 (base 7) to base 12
681
-3100 (base 5) to base 12
-294
Convert -1022220 (base 3) to base 12.
-689
Convert -270 (base 12) to base 6.
-1420
-38a (base 11) to base 7
-1226
-5965 (base 10) to base 7
-23251
-13444 (base 9) to base 10
-9112
-2059 (base 11) to base 15
-c1b
Convert -812c (base 13) to base 12.
-a35b
Convert -2384 (base 11) to base 4.
-300231
-1125 (base 6) to base 12
-1a5
What is -10265 (base 13) in base 11?
-1a858
Convert 19c (base 15) to base 12.
270
28c (base 14) to base 5
4031
-a984 (base 16) to base 11
-2a671
What is -113230 (base 4) in base 2?
-10111101100
What is 422214 (base 7) in base 13?
271bc
Convert d406 (base 14) to base 9.
55013
What is 13d (base 16) in base 15?
162
Convert -213320 (base 4) to base 7.
-10304
What is 4120 (base 5) in base 3?
201211
200220121 (base 3) to base 16
35da
-38635 (base 9) to base 14
-96b7
What is -3204 (base 14) in base 2?
-10000110110100
What is 2472 (base 11) in base 15?
e50
What is 1100101000 (base 2) in base 7?
2233
What is 2ae (base 15) in base 6?
2502
-41412 (base 5) to base 2
-101010101100
-2775 (base 9) to base 8
-4055
2e02 (base 15) to base 6
113502
What is -1998 (base 14) in base 3?
-20100221
-146 (base 8) to base 13
-7b
Convert 3110 (base 5) to base 8.
625
Convert -1432 (base 6) to base 15.
-1a5
What is -1922 (base 12) in base 7?
-11615
-271 (base 15) to base 11
-466
What is 6306 (base 9) in base 16?
120f
-250402 (base 7) to base 4
-23023321
Convert 43321 (base 5) to base 7.
11430
Convert 308a (base 16) to base 14.
4758
-22102310 (base 4) to base 14
-1151a
Convert 10220 (base 6) to base 16.
564
What is 29814 (base 11) in base 3?
2010221121
7941 (base 12) to base 9
20384
-162 (base 9) to base 12
-b5
Convert 26091 (base 12) to base 11.
36037
Convert -637b (base 15) to base 13.
-9767
-443b (base 12) to base 5
-220120
3654 (base 8) to base 2
11110101100
-24 (base 16) to base 4
-210
13003330 (base 4) to base 15
8884
What is -2ae (base 16) in base 9?
-842
What is -352 (base 7) in base 14?
-d2
111100001 (base 2) to base 13
2b0
-23221 (base 6) to base 9
-4504
Convert 4014 (base 6) to base 2.
1101101010
What is 4526 (base 7) in base 5?
23022
Convert 3260 (base 8) to base 7.
4664
20 (base 16) to base 7
44
What is 234130 (base 5) in base 12?
5021
-4206 (base 7) to base 6
-10500
b1 (base 15) to base 2
10100110
Convert 110100 (base 3) to base 7.
654
1ab65 (base 13) to base 6
1042533
2007 (base 9) to base 12
a21
-2221212 (base 3) to base 4
-201230
What is 3347 (base 9) in base 8?
4651
What is -6800 (base 12) in base 6?
-125200
Convert 3342 (base 5) to base 11.
39a
1101001111 (base 2) to base 11
700
19 (base 12) to base 14
17
Convert 308 (base 14) to base 16.
254
Convert -11110101111 (base 2) to base 4.
-132233
14d86 (base 14) to base 6
1041002
-13010211 (base 4) to base 7
-150306
4959 (base 10) to base 11
37a9
-e7e8 (base 15) to base 11
-33935
Convert -8ae (base 16) to base 13.
-101c
Convert -30052 (base 6) to base 15.
-1265
213 (base 13) to base 16
162
What is 24 (base 13) in base 2?
11110
Convert 110110000011100 (base 2) to base 3.
1101222001
-1003 (base 5) to base 9
-152
What is -11640 (base 9) in base 8?
-17204
-13012 (base 4) to base 7
-1216
Convert -4a3 (base 11) to base 8.
-1125
What is -6033 (base 11) in base 15?
-259c
Convert -1782 (base 11) to base 3.
-10010000
What is -10010011 (base 2) in base 15?
-9c
-257 (base 15) to base 3
-201201
What is -360 (base 8) in base 3?
-22220
Convert -929 (base 10) to base 12.
-655
Convert -7031 (base 10) to base 4.
-1231313
11810 (base 11) to base 5
1020301
-654 (base 11) to base 7
-2201
110000010001010 (base 2) to base 9
36810
-225f (base 16) to base 6
-104423
106 (base 9) to base 16
57
What is -83 (base 10) in base 4?
-1103
-100202 (base 3) to base 9
-322
6226 (base 7) to base 11
16a9
What is 23400 (base 5) in base 11?
1329
Convert -244 (base 5) to base 15.
-4e
-202424 (base 5) to base 9
-10058
What is -10101000010 (base 2) in base 7?
-3632
1212211 (base 4) to base 6
50221
Convert -1012212 (base 3) to base 6.
-4035
7292 (base 12) to base 14
47a6
What is 8b (base 14) in base 10?
123
Convert -1023 (base 6) to base 4.
-3213
3b2 (base 14) to base 13
453
Convert -4ef (base 16) to base 2.
-10011101111
Convert 300 (base 9) to base 7.
465
Convert 25a (base 16) to base 2.
1001011010
-4676 (base 11) to base 14
-2341
What is -1220100 (base 3) in base 10?
-1386
Convert -1821 (base 11) to base 3.
-10012000
Convert -1082 (base 9) to base 7.
-2225
What is -211111120 (base 3) in base 6?
-203540
Convert -2045 (base 9) to base 10.
-1499
Convert -3370 (base 14) to base 13.
-40a0
100111101101 (base 2) to base 9
3433
Convert -2314 (base 5) to base 6.
-1314
What is -101111111001100 (base 2) in base 3?
-1020122022
Convert -1bc0 (base 14) to base 13.
-23cb
Convert -6c1 (base 13) to base 4.
-102103
-216 (base 13) to base 12
-259
175 (base 9) to